actors of m.
2, 3, 13
Let u(y) = 12*y**2 + 35*y + 24. Let g(z) = 2*z**2 + z + 1. Let o(h) = -2*g(h) + u(h). What are the prime factors of o(-10)?
2, 3, 41
Suppose -2*d + 3 + 7 = 2*x, 3*d - 2*x = 15. Suppose -1042 = -4*l - 2*j, -6*j = -j + d. What are the prime factors of l?
3, 29
Let b(y) = -y**3 - 3*y**2 + 5*y - 56. List the prime factors of b(-7).
3, 5, 7
Suppose 21 = 29*z - 22*z. Suppose 2*p - 22 = -4*q, -q + z*p + 6 = 4*p. Suppose -4*i = -q*u - 512, -4*i + 3*u - 76 + 588 = 0. What are the prime factors of i?
2
Let z(s) = -7*s + 14. Let x(n) = 8*n - 13. Let i(t) = 6*x(t) + 7*z(t). Let y be i(5). Suppose -2*m + y = -5*m, -m + 29 = 2*d. What are the prime factors of d?
17
Let n be (419/3)/((-40)/(-240)). Let r = 1480 - n. What are the prime factors of r?
2, 3, 107
Let r(y) = -25*y - 64. Let c = -125 + 102. What are the prime factors of r(c)?
7, 73
Let r = 77 + -91. Let g be (-44)/r + (-14)/98. Suppose 699 = 3*b - g*z, 0 = -b + 5*z - 12 + 237. List the prime factors of b.
5, 47
Suppose 2*b = -3*z - z + 6, 5*b + 2*z - 31 = 0. Let m = 11 + -6. Suppose -b*r = m*r - 1728. What are the prime factors of r?
2, 3
Let g(p) = 17*p**2 + 261*p - 236. What are the prime factors of g(-59)?
2, 3, 41, 59
Suppose 918107 + 417584 + 711309 = 230*o. List the prime factors of o.
2, 5, 89
Suppose -5*m + 3*z = -m - 7, 11 = 5*m - 3*z. Suppose -q = -5*d + 4, -4*d - m*q + 9 = d. What are the prime factors of 188 - (d + (4/(-4) - 0))?
2, 47
Let g be (4/5)/(10/25). Suppose 4*d + 124 = 4*h, 5*h = g*d + 120 + 38. Let o = h - -29. List the prime factors of o.
61
Let w be ((-33)/(-15) + -1)/(-1)*-15. Suppose -14*r = w*r - 15200. List the prime factors of r.
5, 19
Let r = 6149 + 1909. List the prime factors of r.
2, 3, 17, 79
Let r(x) = 1321*x - 1305. List the prime factors of r(7).
2, 11, 19
List the prime factors of (-3)/((-18)/10) + -1 + (-113813690)/(-3741).
2, 3803
Suppose 20*i - 16*i = 624. Suppose -3*d = -i - 15. What are the prime factors of d?
3, 19
Suppose -3*i + p = -9715, -10*i + 6*i = 2*p - 12960. What are the prime factors of i?
41, 79
Let s = -339 + 1402. Suppose -s = -2*d + 23. What are the prime factors of d?
3, 181
Suppose 6*b - 126 = -6. List the prime factors of 1000 - b/(0 - 5).
2, 251
Let u = -65 - -67. Suppose -7*v + 2*v - 4*x = -3092, -u*x = 4. Suppose -2*l - v = -6*l. What are the prime factors of l?
5, 31
Suppose 0 = -90*q + 32*q + 1048872. List the prime factors of q.
2, 3, 11, 137
Let h be 48/27 + 44/36 + -1. Suppose 3*q - 2*c - h*c + 252 = 0, -3*c + 420 = -5*q. Let j = 150 + q. What are the prime factors of j?
2, 3, 11
Suppose 157*q = 2229717 + 2244626. List the prime factors of q.
28499
Suppose 5*a - 1750 = -395. Suppose 0 = -2*c - a + 927. List the prime factors of c.
2, 41
Let d be (-12)/(-18) - 2514/(-9). Let i = d - 240. What are the prime factors of i?
2, 5
Let b = -30 + 42. Suppose -32323 = -b*z - 10147. Suppose -z = -5*c - 9*c. List the prime factors of c.
2, 3, 11
Let y = -18 - -37. Suppose -3*r = -t + 3*t - y, 4*r - 18 = t. Suppose 5*k - 4*q = 203, -3*k + 6*k - 127 = r*q. What are the prime factors of k?
3, 13
Let t = 5 - 1. Let h be ((-135)/6)/((-3)/t). Suppose -114 = -x - h. What are the prime factors of x?
2, 3, 7
Suppose -16 = y - 0*w - 2*w, 5*w - 25 = 0. Let h be (33/y)/11*(-248)/2. Suppose 825 = h*q - 57*q. What are the prime factors of q?
3, 5, 11
Suppose -56*l - 38*l - 44*l + 1749426 = 0. List the prime factors of l.
7, 1811
Suppose -3*d + 4*y = -4386, d + 73 = 5*y + 1535. Let o = -962 + d. What are the prime factors of o?
2, 5
Let f = 5041 - 5040. Let a(b) be the third derivative of b**6/5 + b**5/60 - b**4/12 + b**3/6 - b**2. List the prime factors of a(f).
2, 3
Let n(c) = 2*c**2 + 5*c + 31. Suppose -4*l = -4*i - 8 + 20, -5*i + 33 = 4*l. Suppose -k - i*y - 13 = -2*y, -24 = 4*k - 2*y. List the prime factors of n(k).
2, 47
Let y(b) = 2*b**3 + 27*b**2 - 117*b + 3. What are the prime factors of y(16)?
5, 2647
Let s = -1131 - -1663. Suppose -s = -76*y + 74*y. List the prime factors of y.
2, 7, 19
Let v(j) = 1187*j**2 - 61*j - 255. What are the prime factors of v(-4)?
3, 19, 37
Let t(v) = v**3 + 51*v**2 - 91*v - 193. What are the prime factors of t(-39)?
2, 37, 73
Suppose f - 392 = 63. Suppose -f*w = -452*w - 2505. List the prime factors of w.
5, 167
Suppose -307*o + 28*o + 9072127 = -1618316. List the prime factors of o.
38317
Let r = 147 + -143. Suppose 620 = 4*j - r*u, 8*j + 3*u - 735 = 3*j. Let t = 134 + j. What are the prime factors of t?
2, 71
Let x(v) = v - 2. Let g be x(6). Suppose -2*k = -8 - 20. Suppose -g*c = -2*h - 68, -3*c + 2*c - h + k = 0. List the prime factors of c.
2
Let l(f) = -15*f**3 - 2*f**2 + 6. Let p be l(3). Let h = p + 701. What are the prime factors of h?
2, 71
Let b = 67 + -67. Suppose 23*d - 1493 - 2946 = b. List the prime factors of d.
193
Let k be (-3 - (-25)/(-8))*-4*-2. Let i = -15 - k. What are the prime factors of (i/6)/(2 - 35/18)?
2, 3, 17
Let l(j) = -297*j - 7858. What are the prime factors of l(-43)?
17
Let k(z) be the third derivative of z**6/120 + 7*z**5/30 - 17*z**4/24 - 19*z**3/6 - 241*z**2. What are the prime factors of k(-15)?
11
Let l(u) = -3*u**3 - 32*u**2 - 10*u + 85. What are the prime factors of l(-12)?
11, 71
Suppose -29 - 61 = -2*k. Let v be (-1)/(3/k*5). List the prime factors of (v - -63) + 2 + 2.
2
Suppose -2*q + 2*h - 18 = 0, q - 2*h + 3 = -11. What are the prime factors of q - (-2)/((-10)/(-2295))?
5, 7, 13
Suppose -4*t - d + 130589 + 38967 = 0, -5*t + 211919 = -2*d. List the prime factors of t.
3, 71, 199
Let y(c) = 597*c**3 - c**2 + 12*c - 62. List the prime factors of y(4).
2, 3, 7, 101
Suppose 18*a = -30531 - 23739. Let v be 1/(-4) + a/(-60). Suppose -c + v = l, 0*l - 5*c - 44 = -l. What are the prime factors of l?
7
Let a(c) = 164*c - 32. Let s be a(3). Suppose -3*y + 5*m = -1380, 3*y + s = 4*y + m. List the prime factors of y.
2, 5, 23
Let r = -11 + 138. Let x = -46 + r. Suppose -q + 2 = 3, 0 = 2*o + 3*q - x. What are the prime factors of o?
2, 3, 7
Let s(k) = -8 - 2*k + 1 + 66*k**2 - 30*k**2 + 49*k**2. Let o be s(-3). Let w = o + -525. What are the prime factors of w?
239
Let c = -3 - 37. Let i be 5*4*384/c. Let w = 366 + i. List the prime factors of w.
2, 3, 29
Let s(v) = -6*v**3 + 32*v**2 - 17*v + 24. What are the prime factors of s(-10)?
2, 7, 11, 61
Let g(b) = -b**2 + 49*b - 312. Let i(x) = x**3 + 11*x**2 - 26*x + 30. Let j be i(-13). List the prime factors of g(j).
2, 3, 43
Let d = 15948 - 9676. List the prime factors of d.
2, 7
Let q = -194 + 199. Let s be 1/(-3 + 93/30). Suppose q*w + 2*n - 324 = -n, 5*n + s = 0. What are the prime factors of w?
2, 3, 11
Suppose d - 2762 = -4*b - 721, -2*d + 4094 = 4*b. What are the prime factors of d?
2053
Let k = -13 + 31. Let r(z) = -20*z - 8 + 7 + k - z**2. List the prime factors of r(-19).
2, 3
Suppose 3*i + 1274 = -355. Let l = i + 790. What are the prime factors of l?
13, 19
Let h = -5671 - -17295. What are the prime factors of h?
2, 1453
Let n(o) = -5*o**3 + o**2 + 147. Let c(h) = -h**2 - 31*h - 30. Let b be c(-30). List the prime factors of n(b).
3, 7
Let b(r) = 6*r**2 + 59*r + 23. Suppose -61 = 2*c - 27. What are the prime factors of b(c)?
2, 13, 29
Let k(x) = 7*x**3 - 60*x**2 + 24*x + 21. Let c(r) = 15*r**3 - 122*r**2 + 48*r + 43. Let w(l) = -4*c(l) + 9*k(l). What are the prime factors of w(18)?
1097
Let g be ((-31)/(3689/(-34)))/(-1 - (-8)/7). Let d be -10*(10 - -1) - 1. List the prime factors of d*(-2)/3 - (g + 0).
2, 3
Suppose -3*z - 3 = j - 0, -5*j + 21 = -3*z. Let i(o) = -5 - 38*o - 55*o + 93*o - 39*o. What are the prime factors of i(z)?
73
Suppose -5*u - 4*s = -33227, -87*u - 19914 = -90*u + 5*s. List the prime factors of u.
7, 13, 73
Let o(g) = 885*g**2 + 65*g + 905. List the prime factors of o(-10).
3, 5, 61, 97
Let l(t) = t**3 + 22*t**2 + 7*t - 31. Let g(q) = 2*q**3 + 44*q**2 + 13*q - 70. Let z(w) = -6*g(w) + 13*l(w). Let o = -6 - 15. List the prime factors of z(o).
5, 37
Let h be 2/10 - 481/5. List the prime factors of 21/((h/(-76))/8).
7, 19
Suppose r + 3*u - 3031 = -40, -u = 4*r - 12019. What are the prime factors of r?
2, 3, 167
Let g(q) = -q**2 - 15*q - 5. Let p be g(-8). Let v = p + -31. What are the prime factors of v?
2, 5
Let o = 1554 + 1298. What are the prime factors of o?
2, 23, 31
Let w = 126 -